**2 - 11*z. Let o be s(11). Suppose o = 2*b + 4 + 8. Let q(m) = m**3 + 5*m**2 - 7*m + 2. Give q(b).
8
Let l(m) be the first derivative of m**4/4 + 2*m**3 - m**2/2 - 3*m + 11. Calculate l(-6).
3
Let f(r) = 6*r - 5. Let z(d) = 12*d - 11. Let s(g) = 7*f(g) - 3*z(g). Let o(j) = j - 3. Let q be o(5). Give s(q).
10
Let r(u) = u**2 - 5*u + 5. Suppose 0 = a - 3*a + 10. Let n be r(a). Let s(t) = -3 - 2*t**3 + 2 + 3*t**3 - 3*t + n*t. Determine s(-2).
-13
Let b(j) = -8*j + 8 - 4 + 9*j + 4. Give b(-7).
1
Let c(l) be the second derivative of -l**4/2 - l**2/2 + 6*l. Determine c(1).
-7
Let y(x) = 2*x + 5. Let v(k) = -16*k - 37. Let n(w) = -8*w - 19. Let d(r) = 5*n(r) - 2*v(r). Let l(j) = 2*d(j) + 9*y(j). Give l(4).
11
Suppose 2*v - 22 = 4*h, -h = -4*v - 5*h - 4. Let c(b) = -6*b + 109*b**2 - v - 108*b**2 - 4. Determine c(6).
-7
Let g = 1 + 1. Let f be (g - (0 - 1)) + -1. Suppose -2 + 0 = f*h. Let a(p) = 6*p**3 + p**2 + p. Give a(h).
-6
Let w be 4/10 - (-54)/(-10). Let u(z) be the second derivative of -z**4/12 - z**3 - z**2 + 8*z + 2. What is u(w)?
3
Let f(r) = -4*r + 5. Let y be f(2). Let z(v) = v**3 - v**2 - v - 1. Let o(i) = 4*i**3 + 2*i**2 + i - 4. Let u(d) = o(d) - 3*z(d). Determine u(y).
5
Let g(z) = z - 6. Let t = 1 + 4. Let s = -2 + t. Calculate g(s).
-3
Let c(i) = -i - 1. Let o(r) = 2*r - 1. Let g(s) = -c(s) - o(s). What is g(0)?
2
Let n(b) = 20*b - 41. Let x(d) = -7*d - 1 + 13 + 5 - 3. Let z(t) = 6*n(t) + 17*x(t). Give z(6).
-2
Suppose -2*z + 16 = 2*z. Suppose -z = 5*t - t. Let y be -6 + 1 + t/(-1). Let c(a) = -2*a - 6. Give c(y).
2
Let k(v) = 0 + 4*v - 3 + 1 + 3. Let p(z) = 3*z. Let s(y) = 2*k(y) - 3*p(y). Let b be (10/25)/(2/20). What is s(b)?
-2
Let o(j) = -2*j**3 + 10*j**2 + j + 12. Let p(q) = q**3 - 5*q**2 - q - 6. Let h(k) = 3*o(k) + 5*p(k). Let z be (-5 + 0/4)*(-3 - -2). Give h(z).
-4
Let c(m) = 3*m**3 - m**2 + 4*m - 4. Let u(r) = -3*r**3 + r**2 - 3*r + 3. Let i(d) = -2*c(d) - 3*u(d). What is i(1)?
2
Let h(x) be the first derivative of -x**4/4 + 5*x**3/3 + 4*x**2 - 8*x + 1. Suppose -2*p - 20 = -2*f, 4*f = -5*p + 2 + 2. Determine h(f).
4
Let f(m) be the first derivative of -3*m**2/2 + 3*m + 5. What is f(3)?
-6
Suppose 3*d + 3 = 2*d. Let j(s) = s**2 - 2*s**2 - 4*s - 6*s**2 + 3*s - s**3. Let x(q) = q**2 - q. Let u(r) = -j(r) - 3*x(r). Determine u(d).
-3
Let p(u) = 2*u**2 + 3*u. Let l(d) = 3*d**2 + 2*d. Let v(o) = 3*l(o) - 4*p(o). Give v(5).
-5
Let q = 13 + -9. Let s(k) be the third derivative of -k**4/24 + 3*k**2. What is s(q)?
-4
Let x(j) = -j**2 + 6*j - 2. Let o = -68 + 72. What is x(o)?
6
Let j(o) = o - 4. Let b be 4/(-8) - 6/(-4). Let s = 6 - b. Let q = s + -1. Give j(q).
0
Let t(i) = -6*i**3 + 2*i + 1. Let b(p) = -p + 7. Let l be b(8). Let v be t(l). Suppose 0 = 3*f + v*o + 31, -3 = 4*f - o - 0. Let y(c) = -4*c - 3. What is y(f)?
5
Let q(i) = i**3 + 4*i**2 - 7*i + 3. Let p = -7 + 2. Let b(c) = c**3 + 3*c**2 - 6*c + 3. Let w(d) = p*q(d) + 6*b(d). Give w(3).
9
Let j(l) = l**3 + 11*l**2 + 10*l + 8. Let u be j(-10). Let q(t) = -t**2 + 8*t - 6. Give q(u).
-6
Let j = 5 - 11. Let v(c) = -c**2 - 6*c + 2. Let y be v(j). Let n(t) = t**3 + 1. What is n(y)?
9
Let a(d) be the third derivative of -d**4/24 - 5*d**3/6 - 10*d**2. What is a(-8)?
3
Let r(y) = y**3 + 8*y**2 - 7*y + 13. Suppose -4*p + 0*c - 32 = -2*c, -3*p = -2*c + 23. Calculate r(p).
-5
Let r(o) be the first derivative of -o**4/4 - o**3/3 + 2. Suppose -4*u + 4*d - 12 = 0, -3 = -7*u + 2*u - 4*d. What is r(u)?
0
Suppose 3*g = 2*g - 7. Let o be 1 + -2 + (1 - g). Suppose -o + 4 = -t. Let b(r) = -r**2 + 4*r - 1. Determine b(t).
2
Let y(u) = u - 6. Let f(q) = q - 3. Suppose -2*k + 5*v = 4, -3*v + 8 = v. Let l(h) = k*y(h) - 5*f(h). Give l(-3).
3
Let z be (18/4)/(9/12). Let l(y) = 50*y + 20. Let w(v) = -17*v - 7. Let t(o) = z*l(o) + 17*w(o). Calculate t(-1).
-10
Let d(j) = -j**3 + 1. Let i(b) = -b - 16. Let s be i(-11). Let z = s + 4. What is d(z)?
2
Suppose 0 = s - 2 - 0. Suppose 3*p = 4*m - 19 - 16, s*m - 4*p = 30. Let f(x) = -x**2 + 4*x + 7. What is f(m)?
2
Suppose 2*w - 2*u - 6 = 0, 7 + 1 = w + 4*u. Let i(x) = -3*x**2 + 10 - 4 + w*x**2. Give i(0).
6
Let y = -7 + 11. Let s(i) = -2*i**2 + i. Let x(c) = -3*c**2 + 2*c - 1. Let h(o) = -4*s(o) + 3*x(o). Give h(y).
-11
Let y(l) be the first derivative of 7*l**3/3 - l**2 - l + 5. Let x = 1 - 5. Let k = x + 3. Calculate y(k).
8
Let b be 2 - 0 - -1 - 1. Let h be ((-15)/(-3) - -1)/b. Let i(s) = -s**3 + 3*s**2 - 2*s + 2. Determine i(h).
-4
Let h(u) = -u**2 + 4*u + 2. Let c be h(4). Let i(y) = 3 - c + 12*y - 14*y. What is i(-1)?
3
Let t(h) = 6 - 1 - h + 1. What is t(6)?
0
Let s(y) = -y**2 - 3*y - 3. Let l = -34 - -28. Give s(l).
-21
Suppose -8 = i - 5*i. Suppose 4*r - 6 = r, 3*r - 15 = -3*v. Let o(z) = -3*z**2 - z**v + z + 3*z - 3*z - i. What is o(-2)?
-8
Let k(r) = -5*r**3 + 8*r**2 - 3*r - 6. Let z(h) = -3*h**3 + 5*h**2 - 2*h - 4. Let t(i) = -5*k(i) + 8*z(i). Let f be 0/((-5)/(15/6)). Determine t(f).
-2
Let n be -1 - (0 + -1)/1. Let f(y) = -26 + y + y**2 - 23 + 74 - 26. Give f(n).
-1
Let h = -22 + 24. Let y(v) = -6 + 2*v**h + 0 - 6*v - v**2. Calculate y(6).
-6
Let l(o) be the third derivative of o**2 + 0*o**4 + 0*o**3 + 0*o + 0 - 11/60*o**5. Calculate l(-1).
-11
Let a(o) = 4*o - 16. Let x be a(4). Let j(n) = -n. Determine j(x).
0
Suppose 2*q + 5*j = j - 14, -2*j = 10. Let x(d) be the second derivative of d**4/12 - 5*d**3/6 + d**2 + 11*d. Give x(q).
-4
Let t(z) be the second derivative of -z**6/120 + z**5/30 - z**4/6 + z**3/2 - 5*z**2/2 + 2*z. Let o(u) be the first derivative of t(u). Determine o(2).
-5
Let l(u) = 3*u - 1. Let b(o) = -o**2 - 13*o + 3. Let p be b(-13). What is l(p)?
8
Let t(f) = 9*f**2 + 10*f - 9. Let x(s) = 5*s**2 + 5*s - 5. Let z(n) = -4*t(n) + 7*x(n). Let u be (-15)/25 + (-12)/5. Let o be (2/1)/(2/u). What is z(o)?
7
Let v be 10*3/6*1. Suppose 0 = -v*u - 0 - 10, -u - 17 = -3*p. Let i(g) = g**3 - 2 - g - 4*g + 9*g - p*g**2. Determine i(4).
-2
Let o = 0 - 4. Let c(t) = t**2 + 7*t - 7. Let w(p) = -7*p + 15 + 2*p**2 - 8*p - 4*p**2. Let f(y) = 7*c(y) + 3*w(y). Give f(o).
-4
Let o = 3 + -1. Suppose -25 - 3 = -4*w. Let z(u) = -4 + w*u**3 - o + 5 + 2*u. Determine z(1).
8
Let z(a) = -4*a**3 + 5*a**2 - a + 1. Let n(w) = -w**3 + w**2. Let y(b) = -5*n(b) + z(b). What is y(1)?
1
Let j(r) = -4*r**3 - 3*r**2 + 4*r. Let k(u) = 7*u**3 + 6*u**2 - 7*u - 1. Let b(l) = 5*j(l) + 3*k(l). Let d(g) = -g**2 - 4*g + 2. Let o be d(-5). What is b(o)?
0
Let w(u) = -2*u + 5. Let n(c) = -3*c + 4 + 2 + 1. Let k(y) = -5*n(y) + 7*w(y). Let l(p) = p**3 + 4*p**2 + 4*p + 2. Let t be l(-3). Calculate k(t).
-1
Suppose 6*l = l - 15. Let z = 5 + l. Let g(w) = -7*w**z - 2 - 2*w + 5*w**2 - 1 + 3*w**3 + 2. Give g(-1).
-4
Let p(u) = u**2 + 2*u - 1. Let s be -14 - (-2 + -1 + 3). Let c = 10 + s. Give p(c).
7
Let h(r) = r**3 + 3*r**2 - 7*r - 6. Let f = -5 + -2. Let p(x) = x**3 + 8*x**2 + 9*x + 10. Let w be p(f). Give h(w).
6
Suppose 9 = 6*y - 3*y. Let s(l) be the first derivative of 1/3*l**y + 3*l + 0*l**2 - 2. Determine s(0).
3
Let u(m) = -m**2 - 9. Let x(g) = 1. Let z(j) = -u(j) - 6*x(j). Let n(k) = -k**3 - 2*k**2 + 1. Let l be n(-1). Give z(l).
3
Let s(f) = -f - 8. Let o be s(-12). Let m be (16/o)/(2 - 0). Let x(w) be the first derivative of -w**4/4 + w**3/3 + w**2/2 + w + 1. Calculate x(m).
-1
Let n(r) be the first derivative of r**2/2 - 2*r - 7. Determine n(2).
0
Let g(u) = u**3 - 6*u**2 - u + 1. Let i(h) = 4*h**3 - 19*h**2 - 3*h + 4. Let x(l) = 7*g(l) - 2*i(l). Determine x(-3).
-7
Let c(g) be the third derivative of g**5/60 + 16*g**2. Let i(x) = -x**2 + 13*x + 3. Let v be i(13). Determine c(v).
9
Suppose 0 = g - 0 - 1, 5*x + 5*g = 40. Let n = -4 + x. Let s(a) = 4 - n - 2 + 0 - a. Determine s(-4).
3
Let r(j) = j**3 - 16*j**2 - 17*j - 6. Let i be r(17). Let s(b) = b + 1. Give s(i).
-5
Suppose 0 = 3*i + o + 10, -5*i = -2*i + 4*o + 13. Let v(l) = -l**2 - 3*l + 3. Let p(r) = 3*r**2 + 9*r - 9. Let n(s) = 4*p(s) + 11*v(s). What is n(i)?
-3
Let j(b) = -b**3 + 8*b**2 - 5*b - 2. Let f be (-66)/44*(-28)/6. Calculate j(f).
12
Let f(p) = -p**2 - 4*p. Let t be f(-4). Suppose -4*a = 5*k - 28, t*a - 3*a + 5*k = 14. Let l(d) = -3*d**a - 3*d**2 + 3 + 0*d**3 + d**3 + 3*d. Determine l(5).
-7
Let j(x) be the second derivative of x**3/6 - x**2/2 + 4*x. Let p be j(4). Let z(m) = m**2 + 4*m - p*m - 7 - 